119325?
True
Is 3 a factor of 1377407?
False
Is 783320 a multiple of 23?
False
Is 35 a factor of 1359497?
False
Is 554175 a multiple of 9?
True
Is 2505477 a multiple of 46?
False
Is 872 a factor of 4137465?
False
Does 105 divide 110457?
False
Is 18 a factor of 83394?
True
Is 259798 a multiple of 35?
False
Is 322015 a multiple of 28?
False
Is 278 a factor of 316364?
True
Is 6 a factor of 8382?
True
Is 667 a factor of 2017675?
True
Does 115 divide 1262355?
True
Does 13 divide 98176?
True
Does 17 divide 7329329?
True
Does 13 divide 248671?
False
Is 196 a factor of 1075452?
True
Is 210358 a multiple of 13?
False
Is 90142 a multiple of 199?
False
Does 115 divide 785105?
True
Is 1211173 a multiple of 3?
False
Is 556668 a multiple of 846?
True
Is 17726836 a multiple of 20?
False
Is 16576500 a multiple of 2150?
True
Does 39 divide 1767101?
False
Is 707963 a multiple of 248?
False
Is 38 a factor of 1652549?
False
Is 310 a factor of 1443980?
True
Does 278 divide 294668?
False
Is 16 a factor of 2387264?
True
Does 834 divide 5167464?
True
Is 463554 a multiple of 273?
True
Is 397643 a multiple of 63?
False
Is 3 a factor of 5631?
True
Does 9 divide 24842?
False
Is 64205 a multiple of 40?
False
Is 386 a factor of 807019?
False
Is 59069 a multiple of 34?
False
Is 1014378 a multiple of 1372?
False
Is 139661 a multiple of 2?
False
Does 2 divide 115?
False
Is 30 a factor of 476730?
True
Does 86 divide 136998?
True
Is 3 a factor of 145313?
False
Does 8 divide 190657?
False
Does 101 divide 1711142?
True
Is 634349 a multiple of 29?
False
Is 590451 a multiple of 363?
False
Does 13 divide 2942133?
False
Is 17632066 a multiple of 22?
False
Is 14 a factor of 243507?
False
Is 9973810 a multiple of 154?
True
Does 15 divide 100590?
True
Is 6142330 a multiple of 71?
False
Is 874227 a multiple of 44?
False
Is 1298752 a multiple of 13?
True
Is 11 a factor of 602427?
False
Is 78 a factor of 201864?
True
Does 34 divide 110058?
True
Is 5 a factor of 100015?
True
Is 3830 a multiple of 10?
True
Is 20256754 a multiple of 8?
False
Is 1624286 a multiple of 423?
False
Does 4 divide 954306?
False
Is 5104743 a multiple of 181?
True
Is 422 a factor of 802010?
False
Does 66 divide 7094604?
True
Is 5 a factor of 155930?
True
Is 14 a factor of 619080?
True
Is 1644552 a multiple of 156?
True
Does 343 divide 26632578?
True
Is 16643799 a multiple of 289?
True
Is 10 a factor of 65596?
False
Is 28 a factor of 211148?
True
Is 57 a factor of 55062?
True
Is 392 a factor of 124415?
False
Does 91 divide 82711?
False
Is 167181 a multiple of 4?
False
Is 2200121 a multiple of 11?
True
Is 283 a factor of 2437689?
False
Does 270 divide 2876310?
True
Does 314 divide 451532?
True
Does 305 divide 272894?
False
Is 86 a factor of 21293?
False
Is 10453296 a multiple of 168?
True
Is 169 a factor of 106132?
True
Is 187859 a multiple of 53?
False
Does 148 divide 140008?
True
Does 684 divide 227772?
True
Is 4343074 a multiple of 67?
True
Does 43 divide 11161983?
True
Is 5876 a multiple of 13?
True
Does 16 divide 45755712?
True
Does 1214 divide 18157798?
True
Is 54 a factor of 30140?
False
Is 25 a factor of 363697?
False
Is 51580 a multiple of 3?
False
Is 31 a factor of 296239?
False
Is 7 a factor of 4570783?
True
Does 173 divide 181996?
True
Is 25268 a multiple of 3?
False
Is 5 a factor of 3643?
False
Is 46 a factor of 75992?
True
Is 11468952 a multiple of 9?
True
Does 11 divide 616308?
True
Is 2009 a factor of 9257236?
False
Does 19 divide 460654?
False
Is 183 a factor of 1582627?
False
Is 420192 a multiple of 6?
True
Is 351 a factor of 3510?
True
Does 167 divide 392510?
False
Is 227 a factor of 727989?
True
Is 615490 a multiple of 11?
False
Is 48224 a multiple of 176?
True
Is 634632 a multiple of 76?
False
Is 8 a factor of 2429520?
True
Does 3 divide 4868?
False
Is 489345 a multiple of 303?
True
Does 17 divide 1780070?
True
Is 17714 a multiple of 166?
False
Is 922131 a multiple of 147?
True
Does 125 divide 1222411?
False
Is 8 a factor of 750704?
True
Is 957 a factor of 1133184?
False
Is 5 a factor of 63353?
False
Does 13 divide 5553379?
True
Is 34 a factor of 268605?
False
Is 141284 a multiple of 41?
False
Is 48 a factor of 549130?
False
Is 5 a factor of 177611?
False
Is 443976 a multiple of 593?
False
Does 18 divide 66348?
True
Is 73 a factor of 38437?
False
Is 64405 a multiple of 36?
False
Does 210 divide 10511978?
False
Is 126498 a multiple of 14?
False
Is 11 a factor of 9268?
False
Does 33 divide 7139847?
True
Is 297657 a multiple of 3?
True
Does 10 divide 446510?
True
Does 2 divide 24320?
True
Does 77 divide 143220?
True
Is 1215 a factor of 4208489?
False
Is 574 a factor of 352436?
True
Is 1466565 a multiple of 21?
False
Does 28 divide 532626?
False
Does 7 divide 183806?
True
Does 659 divide 475812?
False
Is 125 a factor of 250375?
True
Is 140103 a multiple of 99?
False
Is 114972 a multiple of 13?
True
Does 366 divide 100849?
False
Is 121 a factor of 155220?
False
Is 550 a factor of 469322?
False
Is 149558 a multiple of 19?
False
Does 8 divide 185232?
True
Does 6 divide 405790?
False
Is 9 a factor of 176472?
True
Does 27 divide 281728?
False
Is 29 a factor of 18636378?
False
Does 12 divide 251928?
True
Is 154112 a multiple of 172?
True
Is 7 a factor of 550389?
True
Does 29 divide 114463?
True
Is 23 a factor of 68931?
True
Is 6573967 a multiple of 249?
False
Is 14 a factor of 26742002?
True
Is 137294 a multiple of 14?
False
Is 959789 a multiple of 193?
True
Is 1456455 a multiple of 485?
True
Is 1002 a factor of 8110533?
False
Does 27 divide 63015?
False
Is 1173788 a multiple of 148?
True
Is 1545713 a multiple of 50?
False
Does 17 divide 722412?
False
Is 3916668 a multiple of 93?
False
Is 200260 a multiple of 38?
True
Is 422878 a multiple of 46?
True
Is 660 a factor of 20444160?
True
Is 8 a factor of 54036?
False
Does 11 divide 33385?
True
Is 1142046 a multiple of 15?
False
Is 7 a factor of 1644265?
True
Is 309008 a multiple of 124?
True
Does 65 divide 46211?
False
Is 88485 a multiple of 43?
False
Does 47 divide 59643?
True
Is 2856360 a multiple of 312?
True
Is 205 a factor of 9787110?
True
Does 2 divide 34959?
False
Is 164500 a multiple of 46?
False
Is 8253958 a multiple of 288?
False
Is 16 a factor of 1090043?
False
Is 9 a factor of 158814?
True
Does 15 divide 685131?
False
Is 1314716 a multiple of 131?
True
Does 15 divide 153330?
True
Does 23 divide 699292?
True
Is 24 a factor of 532608?
True
Is 20 a factor of 6096840?
True
Is 31 a factor of 18103039?
True
Does 245 divide 610540?
True
Does 47 divide 801168?
False
Is 666 a factor of 2013046?
False
Does 7 divide 82106?
False
Does 158 divide 2707646?
True
Does 13 divide 78481?
True
Is 44 a factor of 5324?
True
Does 13 divide 793728?
True
Is 117 a factor of 831493?
False
Is 52 a factor of 823784?
True
Is 9 a factor of 519683?
False
Is 237 a factor of 4406541?
True
Does 359 divide 6284822?
False
Is 9 a factor of 49010?
False
Is 29370 a multiple of 15?
True
Is 73 a factor of 4098731?
True
Is 216874 a multiple of 14?
True
Is 239485 a multiple of 211?
True
Is 294 a factor of 8106119?
False
Is 28 a factor of 10525078?
False
Does 597 divide 1558428?
False
Is 294398 a multiple of 134?
True
Is 38 a factor of 6640801?
False
Does 156 divide 501463?
False
Is 113300 a multiple of 110?
True
Is 326 a factor of 3298794?
True
Is 7345104 a multiple of 624?
True
Is 2707 a multiple of 86?
False
Is 137512 a multiple of 11?
False
Is 97 a factor of 25414?
True
Is 97804 a multiple of 15?
False
Is 87466 a multiple of 66?
False
Does 11 divide 1670130?
True
Does 63 divide 1257354?
True
Does 168 divide 619080?
True
Is 929 a factor of 12216350?
True
Does 8 divide 259718?
False
Is 129081 a multiple of 51?
True
Is 680 a factor of 172584?
False
Is 7 a factor of 290858?
False
Is 472 a factor of 59472?
True
Is 356422 a multiple of 22?
True
Is 5 a factor of 8393293?
False
Is 5249 even?
False
Does 93 divide 197718?
True
Does 37 divide 369508?
False
Does 2 divide 5527?
False
Does 9 divide 735543?
True
Is 19 a factor of 136306?
True
Is 170203 a multiple of 30?
False
Is 65598 a multiple of 29?
True
Is 36090 a multiple of 40?
False
Is 3690 a multiple of 3?
True
Is 4 a factor of 380696?
True
Is 4772551 a multiple of 1211?
True
Does 44 divide 309408?
True
Is 9096492 a multiple of 179?
False
Is 5